 divisor of x and i.
8
Suppose -2*s = 2*z + z + 6, -4*s = -2*z + 12. Let h be ((-4)/s)/((-2)/(-21)). What is the greatest common divisor of 21 and h?
7
Suppose -u = -8*u + 2*u. Suppose 2*o + 2 = o, u = -q - o. Suppose 3*l - z = -l + 699, -3*z + 353 = q*l. Calculate the greatest common factor of 25 and l.
25
Let x(z) = -2*z**2 + 22*z + 619. Let j be x(-11). What is the greatest common factor of 1515 and j?
15
Let w(c) = -72*c. Let d be w(-2). Let i be (3/2)/(35/(-112))*-15. Suppose 158*z = 154*z + i. What is the highest common factor of z and d?
18
Suppose 118*h = 251*h - 19285. Calculate the highest common factor of h and 115.
5
Suppose -3*d - 3*s + 3458 + 21058 = 0, -5*s - 16323 = -2*d. What is the greatest common factor of d and 21?
21
Let d(v) = -17*v - 393. Let b be d(-24). Let o be -50*(-2)/16 + 2/(-8). Calculate the highest common factor of o and b.
3
Let i be 4*((-2)/(-3) - (-23)/69). Suppose 5*k = 0, -i*a + a = -2*k - 405. What is the greatest common divisor of 60 and a?
15
Suppose -5184 = -35*g - 127*g. What is the greatest common divisor of 5456 and g?
16
Let g be 165*5/45*-6. Let d be (103/(-2))/(781/g - -7). Calculate the highest common factor of 5 and d.
5
Suppose 198695 + 198185 = 2255*t. Let v = 4 - 3. Let o be 0/(-2 + v) - -16. Calculate the greatest common factor of o and t.
16
Let m(b) = 6*b**3 + 2*b**2 - 54*b + 7. Let u be m(3). Calculate the greatest common factor of 230 and u.
5
Let f = 16655 + -16200. Let l(y) = -10*y**3 - 4*y**2 - 3*y. Let s be l(-2). What is the greatest common divisor of f and s?
35
Let n(c) be the first derivative of c**3/3 - 7*c**2 + 14*c - 36. Let v be n(13). Let j = 7 + -6. What is the highest common divisor of j and v?
1
Suppose -5*g = 2*d + 9, 24 = -2*d + 6*d - 4*g. Let f(c) = 21*c**2 + 2*c - 10. Let h be f(d). Let v = h + -57. What is the greatest common divisor of v and 8?
8
Let w be (-23550)/(-240) - 1/8. Let v be -4*(-1)/2*11. Let i = v - 8. What is the highest common divisor of i and w?
14
Suppose -4 = 2*k - 10, -8301 = -3*g - 2*k. Suppose 0 = -11*y + 2515 + g. Suppose 2*d + y = 5*d. Calculate the highest common factor of d and 32.
32
Let z = 633 - 591. What is the highest common divisor of 168 and z?
42
Let j be (-10)/1*((-32)/(-20))/(-2). Let m(h) = h**3 - 8*h**2 + h - 4. Let b be m(j). Suppose -b*a + 714 = -a. What is the highest common divisor of a and 34?
34
Let t = 470 + -356. Suppose 2*z = -5*m + 261, 2*m - 16*z - t = -20*z. What is the greatest common divisor of m and 170?
17
Let k(b) = 9377*b**2 + 37*b - 21. Let d be k(1). Calculate the greatest common divisor of d and 93.
93
Let t = -4813 + 4923. What is the greatest common divisor of 2530 and t?
110
Suppose -2*y = 4*k - 10972, -3*k + 10255 = 4*y + 2011. Calculate the greatest common factor of 460 and k.
20
Let k(l) be the second derivative of l**4/6 + l**3 - l**2/2 + 2*l + 14. Let v be k(-7). What is the greatest common divisor of v and 10?
5
Let u = -395 - -925. Let f = u + -369. Calculate the highest common divisor of 46 and f.
23
Suppose 3*c - 94 = -5*t, 3*c - 144 = t - 44. Let v = c - -7. Suppose 114 - 18 - 240 = -36*d. Calculate the greatest common divisor of d and v.
4
Suppose 2*a - 711 = -r, -5*a + 24*r - 27*r = -1776. Suppose -5*z + 915 = -5*d, -5*z - d = -3*z - a. What is the greatest common divisor of z and 18?
18
Let p(r) = r**3 + 12*r**2 - 112. Let t be p(-10). Calculate the highest common factor of 2728 and t.
88
Let x = -47 + 51. Suppose -10*y + 12 = -x*y. Suppose -y*g - 2*g = -48. What is the greatest common factor of 96 and g?
12
Let m = -10716 - -10756. Suppose 10 = -2*r, 3*r - 2*r + 2605 = 5*n. Calculate the greatest common divisor of n and m.
40
Let k(y) = y**3 - 14*y**2 - 3*y + 595. Let z be k(0). What is the greatest common factor of z and 85?
85
Suppose -4*w - o = -6616, -2*w - 2*o + 2529 = -773. Calculate the greatest common divisor of 4303 and w.
331
Suppose -10*q + 416 = -74. Suppose 8083 = 30*k - 16907. Calculate the highest common factor of q and k.
49
Let s = 319 - 315. Suppose 4*n - 8 = 2*a, 0 = n - 7 + s. Calculate the highest common divisor of a and 50.
2
Let a(i) = 5*i**2 + 33*i + 130. Let s be a(-4). Suppose 2*n + 8 = 2*b - 52, 0 = -5*n - 20. What is the highest common divisor of b and s?
26
Suppose k - 6 = -5, 0 = -3*q + 4*k + 80. Suppose 0*y = 4*y - 4*m - q, -5*y = 3*m + 5. Calculate the greatest common factor of 34 and y.
2
Let g be 16 + -1 + -4 - (-18)/(-2). Let t = -55 + 77. What is the greatest common divisor of g and t?
2
Let y(v) = 2*v**2 - 7*v + 5. Let h be y(3). Let i be (12/6)/(h/(-8)). Let s be i/(-3)*(-594)/(-12). What is the greatest common divisor of 33 and s?
33
Suppose -5*i + 15 = -2*i. Suppose 540 = i*w - 0*w. Suppose q - 18 = 17*t - 15*t, 3*q - 2*t - 42 = 0. Calculate the highest common divisor of w and q.
12
Let g be -1*1 - (-4)/2. Suppose 0 = 2*k + g - 3. Let m be ((-31)/310)/(3/12 - (-147)/(-420)). What is the highest common divisor of k and m?
1
Let z be (-1044)/(-45) - (-1)/(-5). Suppose 13 = 3*h + 4. Suppose -h*p = c - 32, -4*p = 4*c + p - 107. Calculate the highest common divisor of c and z.
23
Suppose 24*o - 13*o - 22 = 0. Suppose -o*z - 56 = -10*z. Suppose 5*b - 103 = -2*s, 3*s = -0*b - 2*b + 39. What is the highest common factor of b and z?
7
Suppose 4*h + 5 = 3*p, -29*h = -26*h + 5*p + 11. Suppose 5*n + 2 = -18. Let l be h/n*140/5. What is the highest common divisor of l and 98?
14
Let v be (-2400)/(-125)*((-80625)/10)/(-3). What is the highest common factor of v and 12?
12
Suppose -5*y = -5*n + 175, 0 = 14*y - 11*y + 15. What is the greatest common factor of n and 135?
15
Let k(d) = 3*d**2 + 7*d + 8. Let g be k(-5). Let t(y) = y + 17. Let z be t(-15). Let f be (-972)/(-30) - z/5. What is the highest common factor of g and f?
16
Suppose 46*g - 41*g + 908 = -2*m, 2*m + 900 = -3*g. Let r be (m/(-18))/(2/66). What is the greatest common divisor of r and 74?
74
Suppose 0 = -15*q - 17*q + 6304. Let l = q - 143. Let p(h) = -h**3 - 5*h**2 - h - 6. Let y be p(-6). Calculate the highest common divisor of y and l.
18
Let n be 15 - (30/50)/(6/(2*30)). Calculate the greatest common factor of 14463 and n.
9
Suppose 0 = -b - 5, -5*i = -i + 3*b - 33. Suppose -5*y + 28 = -3*c, y - i = -3*c + 2*c. What is the greatest common divisor of 68 and y?
4
Suppose -7*q - 86 = -p - 3*q, 0 = -3*p - q + 271. What is the greatest common factor of p and 50?
10
Let u = -8965 - -15445. Calculate the highest common divisor of 80 and u.
80
Let u(c) = 105*c - 21. Let j be u(-5). Let t = j + 557. What is the highest common divisor of 88 and t?
11
Let p be (-1)/(-2) + (-142)/(-4). Let x be (-5)/((-30)/8)*(-1484406)/(-3234). What is the greatest common divisor of x and p?
36
Suppose -33*u - 100 = -31*u. Let x = -17 - u. Calculate the highest common factor of x and 176.
11
Suppose -5875*k = -5799*k - 7752. Calculate the highest common factor of k and 187.
17
Suppose -2 = -0*i - 2*i, -i - 129 = -5*b. Calculate the highest common divisor of b and 2834.
26
Let a be ((8 + -8)/2)/2. Let w(t) be the first derivative of t**3 - t**2/2 + 12*t + 1. Let y be w(a). What is the highest common divisor of 36 and y?
12
Let m be (-15)/((-4950)/31702) - (-1)/(-15). Calculate the greatest common factor of m and 352.
32
Let d = 61 + -89. Let i be 1002/(-21) + (24/d)/3. Let s be (-1138)/(-12) - (-2)/i*-4. Calculate the highest common factor of 19 and s.
19
Suppose -4*a = 3*r - 11, -r + 4*r = -5*a + 16. Suppose 6 - 26 = -a*z. Calculate the greatest common divisor of 64 and z.
4
Let o(l) = 91*l**2 - 85*l - 214. Let z be o(-3). What is the highest common factor of z and 40?
20
Let a be (-1)/20*-4 - 138/15. Let t be (-6)/a - (0 - (-142)/(-3)). Suppose 24 + t = n. What is the greatest common factor of n and 48?
24
Let d = 235 + -134. Suppose 97*v + 104 = d*v. What is the greatest common divisor of 1586 and v?
26
Suppose 682*m - 661*m = 2138 + 4330. Calculate the highest common factor of 7364 and m.
28
Let t = -24 + 55. Let q = -91 + -7. Let u = q + 191. Calculate the highest common factor of t and u.
31
Let a(w) = w**2 - w - 1. Let f(x) = 5*x**2 - 6*x + 61. Let l(r) = -6*a(r) + f(r). Let q be l(-8). Calculate the greatest common factor of 1 and q.
1
Let b = -9071 - -9078. What is the greatest common factor of b and 10689?
7
Let 